67.
3, 89, 101
List the prime factors of 255802.
2, 79, 1619
List the prime factors of 704526.
2, 3, 29, 4049
List the prime factors of 6944138.
2, 1297, 2677
List the prime factors of 279907.
41, 6827
List the prime factors of 4650935.
5, 930187
List the prime factors of 1875538.
2, 7, 133967
What are the prime factors of 2189108?
2, 149, 3673
List the prime factors of 5424141.
3, 773, 2339
List the prime factors of 828161.
23, 36007
List the prime factors of 4198125.
3, 5, 2239
List the prime factors of 37448.
2, 31, 151
What are the prime factors of 604625?
5, 7, 691
List the prime factors of 18089299.
199, 90901
List the prime factors of 229726.
2, 7, 61, 269
List the prime factors of 23460334.
2, 1201, 9767
List the prime factors of 128045.
5, 25609
What are the prime factors of 488918?
2, 37, 6607
List the prime factors of 1449010.
2, 5, 47, 3083
List the prime factors of 2393585.
5, 239, 2003
List the prime factors of 474923.
474923
List the prime factors of 9908334.
2, 3, 71, 7753
What are the prime factors of 247144?
2, 30893
What are the prime factors of 519090?
2, 3, 5, 11, 13
List the prime factors of 400776.
2, 3, 16699
List the prime factors of 9120615.
3, 5, 7, 12409
List the prime factors of 1546529.
419, 3691
List the prime factors of 159941.
41, 47, 83
What are the prime factors of 409884?
2, 3, 34157
What are the prime factors of 331647?
3, 227, 487
List the prime factors of 389286.
2, 3, 89
List the prime factors of 6048440.
2, 5, 89, 1699
What are the prime factors of 332800?
2, 5, 13
List the prime factors of 383917.
383917
List the prime factors of 231974.
2, 115987
What are the prime factors of 18495247?
457, 40471
List the prime factors of 860551.
167, 5153
What are the prime factors of 11681278?
2, 7, 17, 49081
What are the prime factors of 276171?
3, 7, 13151
List the prime factors of 1294907.
17, 19, 211
What are the prime factors of 1819033?
433, 4201
What are the prime factors of 397371?
3, 13, 23, 443
List the prime factors of 25756225.
5, 11, 73, 1283
List the prime factors of 17085261.
3, 101, 113, 499
List the prime factors of 1712447.
11, 41, 3797
List the prime factors of 269322.
2, 3, 44887
What are the prime factors of 23024176?
2, 7, 241, 853
What are the prime factors of 4695737?
4695737
What are the prime factors of 9759522?
2, 3, 229, 7103
List the prime factors of 26861.
26861
What are the prime factors of 496495?
5, 109, 911
List the prime factors of 219115.
5, 13, 3371
What are the prime factors of 901372?
2, 225343
List the prime factors of 3818192.
2, 7, 73, 467
What are the prime factors of 15042?
2, 3, 23, 109
List the prime factors of 174956.
2, 191, 229
What are the prime factors of 460624?
2, 28789
List the prime factors of 1186882.
2, 53, 11197
What are the prime factors of 1270811?
373, 3407
What are the prime factors of 4589142?
2, 3, 764857
What are the prime factors of 5368410?
2, 3, 5, 59, 337
List the prime factors of 3431152.
2, 131, 1637
List the prime factors of 1535267.
1061, 1447
What are the prime factors of 202094?
2, 37, 2731
List the prime factors of 257656.
2, 7, 43, 107
What are the prime factors of 281403?
3, 31267
What are the prime factors of 91633?
43, 2131
List the prime factors of 67953.
3, 22651
List the prime factors of 276861.
3, 13, 31, 229
What are the prime factors of 1526945?
5, 7, 43627
List the prime factors of 385320.
2, 3, 5, 13, 19
What are the prime factors of 91408?
2, 29, 197
List the prime factors of 24073563.
3, 8024521
List the prime factors of 492304.
2, 29, 1061
What are the prime factors of 1067153?
373, 2861
List the prime factors of 3552886.
2, 19, 93497
List the prime factors of 3406200.
2, 3, 5, 7, 811
List the prime factors of 8273056.
2, 11, 19, 1237
What are the prime factors of 189398?
2, 11, 8609
List the prime factors of 1535185.
5, 17, 18061
List the prime factors of 125229.
3, 13, 19
What are the prime factors of 870759?
3, 31, 3121
List the prime factors of 7883589.
3, 7, 83, 4523
What are the prime factors of 478610?
2, 5, 11, 19, 229
List the prime factors of 23762008.
2, 19, 156329
What are the prime factors of 767010?
2, 3, 5, 37, 691
What are the prime factors of 4573409?
4573409
What are the prime factors of 878311?
7, 271, 463
What are the prime factors of 176776?
2, 19, 1163
List the prime factors of 978510.
2, 3, 5, 13, 193
What are the prime factors of 177009?
3, 7, 8429
What are the prime factors of 218069?
218069
What are the prime factors of 660113?
89, 7417
What are the prime factors of 2305702?
2, 7, 157, 1049
What are the prime factors of 198756?
2, 3, 5521
What are the prime factors of 725743?
19, 38197
What are the prime factors of 31263271?
13, 109, 22063
What are the prime factors of 7728069?
3, 23, 47, 2383
List the prime factors of 10886854.
2, 11, 44987
List the prime factors of 7284197.
7284197
What are the prime factors of 413462?
2, 7, 4219
What are the prime factors of 24232198?
2, 1117, 10847
What are the prime factors of 435352?
2, 54419
What are the prime factors of 2523863?
2523863
List the prime factors of 737778.
2, 3, 122963
List the prime factors of 116854.
2, 58427
What are the prime factors of 507474?
2, 3, 11, 233
What are the prime factors of 7075437?
3, 373, 6323
What are the prime factors of 2824770?
2, 3, 5, 13, 7243
List the prime factors of 7442.
2, 61
List the prime factors of 20747853.
3, 7, 151, 727
What are the prime factors of 52685?
5, 41, 257
List the prime factors of 7989153.
3, 2663051
List the prime factors of 972402.
2, 3, 43, 3769
List the prime factors of 90409.
11, 8219
What are the prime factors of 28208768?
2, 7, 19, 1657
What are the prime factors of 13191570?
2, 3, 5, 7, 20939
What are the prime factors of 173002?
2, 86501
What are the prime factors of 362810?
2, 5, 7, 71, 73
What are the prime factors of 2393480?
2, 5, 53, 1129
List the prime factors of 1493915.
5, 509, 587
What are the prime factors of 4465189?
1601, 2789
List the prime factors of 5600058.
2, 3, 89, 10487
What are the prime factors of 3087538?
2, 19, 31, 2621
List the prime factors of 659237.
659237
What are the prime factors of 4694443?
13, 361111
List the prime factors of 175853.
175853
List the prime factors of 7626456.
2, 3, 73, 1451
What are the prime factors of 271806?
2, 3, 89, 509
List the prime factors of 261166.
2, 67, 1949
What are the prime factors of 1660811?
239, 6949
What are the prime factors of 204312?
2, 3, 8513
What are the prime factors of 581622?
2, 3, 31, 53, 59
What are the prime factors of 1856695?
5, 371339
What are the prime factors of 405981?
3, 79, 571
List the prime factors of 364670.
2, 5, 36467
List the prime factors of 111846.
2, 3, 7, 2663
What are the prime factors of 1854034?
2, 7, 13, 61, 167
What are the prime factors of 6252864?
2, 3, 29, 1123
What are the prime factors of 176421?
3, 7, 31, 271
List the prime factors of 394816.
2, 31, 199
What are the prime factors of 8461694?
2, 4230847
What are the prime factors of 408672?
2, 3, 11, 43
What are the prime factors of 24820586?
2, 7, 991, 1789
What are the prime factors of 545264?
2, 53, 643
List the prime factors of 393080.
2, 5, 31, 317
List the prime factors of 8745988.
2, 193, 11329
What are the prime factors of 2521947?
3, 67, 12547
List the prime factors of 119484.
2, 3, 3319
What are the prime factors of 329878?
2, 19, 8681
What are the prime factors of 3825852?
2, 3, 211, 1511
What are the prime factors of 302361?
3, 100787
List the prime factors of 4420629.
3, 17, 9631
What are the prime factors of 15922837?
7, 2274691
What are the prime factors of 3061936?
2, 29, 6599
List the prime factors of 8056081.
11, 109, 6719
List the prime factors of 1567577.
11, 31, 4597
What are the prime factors of 597920?
2, 5, 37, 101
What are the prime factors of 74742?
2, 3, 12457
What are the prime factors of 30969968?
2, 523, 3701
List the prime factors of 196723.
127, 1549
List the prime factors of 454591.
83, 5477
What are the prime factors of 34757936?
2, 2172371
What are the prime factors of 2219872?
2, 69371
List the prime factors of 20520018.
2, 3, 89, 12809
What are the prime factors of 287318?
2, 19, 7561
List the prime factors of 11497683.
3, 31, 123631
What are the prime factors of 15449?
7, 2207
List the prime 